se -3*o = n - 75, 3*o - 4*o = 2*n - 175. What is the highest common factor of n and 9?
9
Suppose 5*f = -25, 4*f = 5*i - 8 - 22. Suppose -2*w - i*x = -7*w + 10, -2*w + 4 = 3*x. Suppose w*o - 6 = 12. What is the highest common factor of 6 and o?
3
Let d = 660 + -440. Let c be (-8)/(-16) - 39/(-2). What is the greatest common divisor of d and c?
20
Suppose 14 = 5*q - 1. Suppose -2*a + 39 = 3*b, 0*a - 21 = -q*a + 3*b. Calculate the greatest common factor of a and 60.
12
Let r(j) = j**2 + 16*j + 2. Let d be r(-16). What is the highest common divisor of 6 and d?
2
Let k(z) = -z**2 + 1. Let u be k(0). Let d = u + 5. Calculate the highest common factor of d and 54.
6
Suppose 2*r + 12 = 2*t, 7*t - 2*t + 5*r - 10 = 0. Let q be t/16 - (-262)/8. Let g be (-4)/16 - q/(-4). Calculate the highest common factor of g and 88.
8
Suppose -5*v - 2*y + 134 = 0, 4*y + 152 = 5*v - 0*y. What is the greatest common divisor of v and 14?
14
Suppose 733 = 7*w - 345. What is the highest common divisor of w and 7?
7
Let t(a) = -a - 1. Let y be t(-5). Suppose -w = 3*f - 95, -w - f + 325 = 3*w. Suppose -m + w = 4*m. What is the highest common factor of m and y?
4
Suppose 10*m - 6*m = 224. What is the highest common factor of 7 and m?
7
Let f(o) = -17*o**3 + 2*o + 1. Let u be f(-1). Let n(i) = -2*i - 2. Let r be n(-2). What is the highest common divisor of u and r?
2
Suppose 4 = -2*r + 4*y + y, -r = 4*y - 24. Calculate the highest common factor of r and 40.
8
Let b(j) = j**2 - 14*j + 15. Let z be b(13). Suppose 2*h - 4*l = 14, -h - 2*l - 5 = -0*l. What is the highest common divisor of z and h?
1
Let i(d) = 3*d**2 - 1. Let z be i(1). Calculate the greatest common divisor of 14 and z.
2
Suppose 0 = b - 60 - 52. Suppose x - 6 = 8. Calculate the greatest common divisor of b and x.
14
Suppose -j + 6*j = -5*b - 40, 3*j + 64 = 5*b. Let p = 18 + j. Let o = p + -2. What is the highest common factor of o and 33?
3
Let w(l) = -9*l + 2. Let c(o) = -o + 1. Let s(z) = -4*c(z) + w(z). Let b be s(-4). What is the highest common factor of 9 and b?
9
Suppose 0 = -4*r - 2*c + 56, -3*r + 64 = -5*c + c. Suppose -h = 5 - r. What is the highest common factor of h and 22?
11
Suppose 5 = -d, 80 = 4*a - 2*d - 10. Calculate the greatest common divisor of a and 220.
20
Suppose 25 = -4*c + 193. Calculate the highest common divisor of c and 14.
14
Let s(o) = -9*o**3 - 7*o**2 - 3*o. Let x be s(-2). Calculate the greatest common factor of x and 40.
10
Suppose l - 29 = -4*c, 0 = -3*l + l + 2. Let g(n) = -3*n**2 - c*n**2 + 73*n**2. Let o be g(-1). What is the highest common divisor of 9 and o?
9
Let v(u) = u - 1. Let c be v(6). Let a = -3 + 4. Suppose -3*q + a = -c. What is the greatest common factor of q and 4?
2
Suppose -3*h + 1034 = -3*b + 8*b, 2*b - 4*h - 424 = 0. Let k be 2/3 - b/(-12). What is the highest common factor of k and 2?
2
Suppose 3*s - 17 - 31 = 0. Let c(q) = -q**3 - 4*q**2 - 2*q - 6. Let i be c(-4). What is the highest common factor of s and i?
2
Suppose 2*r = -3*r - 5. Let z be (22/3)/(r/(-6)). Calculate the greatest common divisor of 11 and z.
11
Let s = -104 + 196. Suppose -4*u - 2*g + s = 0, u + 28 = 2*u + 3*g. What is the highest common factor of 2 and u?
2
Let l(n) be the second derivative of n**5/10 - n**2/2 - 3*n. Let g be l(2). Calculate the greatest common factor of 3 and g.
3
Let m be 4 - (-2 + 1)*2. Calculate the greatest common factor of 54 and m.
6
Let s(w) = -8*w - 3. Let l be s(-2). Suppose 308 = 3*u + 4*x, 2*u + 11*x - 7*x = 204. Calculate the greatest common divisor of l and u.
13
Let o be 7/2 - 6/12. Let i be (0 + o)*100/30. Calculate the highest common factor of 80 and i.
10
Let x be -2 + ((-76)/(-4) - 3). Calculate the greatest common divisor of x and 56.
14
Let s be (-5)/(-2)*(-3 - (-63)/15). What is the highest common factor of 3 and s?
3
Let j be 80/1*4/10. What is the highest common divisor of j and 4?
4
Let a = 4 + 22. What is the greatest common divisor of a and 286?
26
Let b(j) = 5*j + 15. Let v be b(-6). Let s = 26 + v. Calculate the highest common factor of s and 22.
11
Let m(a) = -12*a + 4. Let h(d) = -d - 10. Let u be -9 - -2*1/1. Let x be h(u). Let o be m(x). Calculate the greatest common divisor of o and 8.
8
Let u = 761 + -336. Suppose -4*m = m - u. Let y = m + -43. Calculate the greatest common factor of y and 6.
6
Suppose 2*s = 3*s + 3*d - 10, -d - 18 = -5*s. Calculate the greatest common divisor of s and 4.
4
Suppose i + 37 = 2*j, -3*j = 3*i - 5*i - 71. Let a = i - -67. Calculate the highest common divisor of a and 12.
12
Suppose 11*c - 7*c = 180. Calculate the greatest common factor of c and 18.
9
Let f(v) = -15*v - 24. Let r be f(-7). Calculate the highest common divisor of 54 and r.
27
Suppose 5*c - c - 180 = 0. Let o = 2 - 2. Let t be o + 2 + -1 + 8. What is the highest common factor of c and t?
9
Let h(l) = -28*l**3 + l + 1. Let r(n) = n**2 - 7*n - 7. Let p be r(8). Suppose y + p = -0. Let x be h(y). What is the highest common factor of x and 42?
14
Let f = -25 - -28. Suppose -3*y + 22 = 10, 5*c + 3*y = 17. What is the highest common factor of f and c?
1
Suppose y - 120 = 3*y. Let f = y + 116. Let m = -8 + 16. Calculate the greatest common factor of f and m.
8
Suppose 2*b = 5*u + 132, 2*b - 2*u = -0*u + 132. What is the highest common factor of b and 22?
22
Let p = -107 - -132. What is the highest common divisor of p and 10?
5
Suppose 4*h - 15 = h. Suppose -4*j + 5*p = -70, 4*j - 3*p = 38 + 36. What is the highest common divisor of j and h?
5
Let v(q) = -q**3 + 7*q**2 - 3*q + 9. Let u be v(7). Let f be (u/5)/(2/(-15)). What is the greatest common divisor of f and 144?
18
Let h(q) = q**2 - 2*q - 2. Let n be h(3). Suppose z = n + 4. Suppose c = 2*u + 86, 460 = z*c + 4*u + u. What is the highest common factor of c and 10?
10
Let b = -163 - -113. Suppose 2*j + z + 6 = -j, -3*j = -5*z - 12. Let c be 0 + j*2 - b. Calculate the greatest common factor of c and 6.
6
Let w(x) = -x**2 + 11*x + 11. Let r be w(11). Let c = r + -1. Calculate the greatest common divisor of 80 and c.
10
Let x be 2/1 + (-10)/(40/(-12)). Let m be 0 - 0 - -1*310. Suppose t + 2*t + 70 = h, x*t - m = -5*h. What is the highest common divisor of h and 16?
16
Let u be 5/(-4)*12/(-3). Suppose 4*q + 256 = -f + 4*f, -5*q - u = 0. What is the highest common factor of 12 and f?
12
Let v(x) = 10*x + 2. Let z be v(9). Suppose -2*f + f - 4*i + 34 = 0, -5*i + z = 4*f. Calculate the greatest common divisor of f and 2.
2
Let v be 10*(-3)/(-2) - 1. What is the highest common factor of 14 and v?
14
Suppose -6*c + 223 = -467. Calculate the greatest common divisor of 46 and c.
23
Let z = 398 + -218. What is the greatest common divisor of 36 and z?
36
Suppose 4*c + 8 = -0*c. Let a be (c/(-4) + -1)*-6. Calculate the highest common factor of a and 9.
3
Let j = 18 + 10. Let x = 13 + -18. Let r(z) = -z**2 - 7*z - 6. Let q be r(x). What is the greatest common factor of q and j?
4
Suppose f - 67 = -13. Calculate the highest common factor of 135 and f.
27
Let z = 1 + -4. Let u = 4 + z. Let n be (-18 + u + -1)/(-2). Calculate the highest common divisor of 9 and n.
9
Suppose 0 = 6*b - 3*b - 63. What is the greatest common divisor of b and 42?
21
Suppose -5*d - 25 = -2*v, 0 = 2*v + d + d - 32. What is the highest common divisor of 15 and v?
15
Let q = -8 + 19. What is the greatest common divisor of q and 55?
11
Let w = 67 - 32. Suppose a + 4*u = -11, -16 = -0*u + 4*u. What is the highest common divisor of w and a?
5
Let s(d) = -d**3 - 6*d**2 - d - 1. Let i = -13 - -7. Let h be s(i). Suppose h*p - 194 = 206. What is the highest common divisor of 32 and p?
16
Let b(u) = u**2 + u - 5. Let q be b(-3). Let n be 24 - ((-3 - q) + 3). Calculate the greatest common factor of n and 10.
5
Let j = 0 + 6. Suppose -4*b - b + m + 33 = 0, -b + 12 = -2*m. What is the highest common divisor of j and b?
6
Suppose 4*w + 154 = 3*o, -2*o - 2*o + 202 = -2*w. Let l = -28 + 58. Suppose -5*h + 2*h + l = 0. What is the highest common divisor of o and h?
10
Suppose 4*g - 4*v + 7 = 87, 4*g - 2*v = 86. Let a = 71 - g. Let h be 14 + (2 - 3) - 1. What is the highest common factor of a and h?
12
Suppose 0 = 3*i - 3*l - 45, -4*i + 3*l = -2*i - 35. Suppose d - i = 4. What is the highest common factor of 14 and d?
14
Let a be 3/(-12) + (-282)/(-8